3
What are the prime factors of 78966088?
2, 17, 580633
What are the prime factors of 324158517?
3, 37, 108161
List the prime factors of 2342819053.
137, 17100869
List the prime factors of 7483430368.
2, 373, 626963
What are the prime factors of 5874800292?
2, 3, 41, 1326739
What are the prime factors of 132218351?
59, 1009, 2221
List the prime factors of 2415026261.
3923, 615607
List the prime factors of 43881302.
2, 21940651
List the prime factors of 72732785.
5, 23, 632459
What are the prime factors of 141299876?
2, 35324969
What are the prime factors of 252054283?
13, 29, 668579
List the prime factors of 66120621.
3, 7, 3148601
List the prime factors of 59600592.
2, 3, 127, 3259
What are the prime factors of 42976194?
2, 3, 7162699
List the prime factors of 773416828.
2, 257, 752351
List the prime factors of 1960807357.
59, 4547, 7309
What are the prime factors of 16185404?
2, 4046351
What are the prime factors of 910152105?
3, 5, 60676807
What are the prime factors of 758728893?
3, 13, 19454587
List the prime factors of 3128341547.
17, 43, 4279537
List the prime factors of 6245455742.
2, 23, 135770777
List the prime factors of 42825754.
2, 17, 74093
List the prime factors of 82824848.
2, 101, 107, 479
What are the prime factors of 378112832?
2, 1709, 3457
What are the prime factors of 183312134?
2, 37, 67, 36973
List the prime factors of 6137497.
6137497
List the prime factors of 600151467.
3, 409, 461, 1061
List the prime factors of 1151516226.
2, 3, 7, 461, 59473
What are the prime factors of 15627318?
2, 3, 7, 17, 43, 509
What are the prime factors of 124119384?
2, 3, 61, 149, 569
What are the prime factors of 355473708?
2, 3, 29622809
What are the prime factors of 7016449693?
11, 637859063
What are the prime factors of 1579445409?
3, 113, 4659131
What are the prime factors of 206970629?
19, 23, 473617
List the prime factors of 53120721.
3, 29, 610583
List the prime factors of 11712807.
3, 1301423
What are the prime factors of 2436465761?
409, 5957129
List the prime factors of 1716019622.
2, 858009811
What are the prime factors of 479058077?
19, 1669, 15107
List the prime factors of 67334044.
2, 43, 353, 1109
What are the prime factors of 17751580?
2, 5, 7, 11, 11527
List the prime factors of 73022451.
3, 409, 59513
What are the prime factors of 772072769?
13, 59390213
List the prime factors of 885684339.
3, 1087, 90533
List the prime factors of 112265167.
7, 19, 31, 73, 373
What are the prime factors of 1215843836?
2, 15791, 19249
What are the prime factors of 114914715?
3, 5, 67, 114343
What are the prime factors of 895331887?
3457, 258991
What are the prime factors of 20995754?
2, 13, 107, 7547
What are the prime factors of 838721100?
2, 3, 5, 7, 399391
List the prime factors of 229090090.
2, 5, 22909009
List the prime factors of 1405258416.
2, 3, 23, 233, 607
What are the prime factors of 1484481087?
3, 29, 257, 2459
What are the prime factors of 51475273?
51475273
What are the prime factors of 586958855?
5, 7, 743, 22571
List the prime factors of 80277472.
2, 11, 228061
What are the prime factors of 37635401?
37, 1017173
What are the prime factors of 2381754795?
3, 5, 7, 1669, 13591
List the prime factors of 363206660.
2, 5, 19, 955807
List the prime factors of 39603597.
3, 11, 1200109
What are the prime factors of 72687952?
2, 1151, 3947
List the prime factors of 39941211.
3, 17, 19, 47, 877
What are the prime factors of 4007607999?
3, 17, 269, 293, 997
What are the prime factors of 90011022?
2, 3, 17, 882461
List the prime factors of 70063436.
2, 17515859
List the prime factors of 384951949.
47, 8190467
What are the prime factors of 22607744?
2, 347, 509
List the prime factors of 607580725.
5, 71, 342299
List the prime factors of 4370287576.
2, 10597, 51551
List the prime factors of 4470826872.
2, 3, 17, 47, 53, 83
List the prime factors of 1693178165.
5, 7, 59, 79, 97, 107
What are the prime factors of 244681471?
244681471
List the prime factors of 367394968.
2, 29, 1583599
What are the prime factors of 66626589?
3, 47, 73, 6473
What are the prime factors of 156888438?
2, 3, 7, 3735439
What are the prime factors of 56843602?
2, 28421801
List the prime factors of 955483626.
2, 3, 61, 2610611
List the prime factors of 1103578.
2, 7, 11261
What are the prime factors of 23412914?
2, 7, 79, 21169
What are the prime factors of 1846898859?
3, 13, 107, 157, 2819
List the prime factors of 118647951.
3, 19, 251, 8293
What are the prime factors of 491084437?
491084437
What are the prime factors of 123722614?
2, 281, 220147
List the prime factors of 3295364408.
2, 7, 19, 1619, 1913
What are the prime factors of 5276651862?
2, 3, 17, 43, 1203067
List the prime factors of 233219120.
2, 5, 1663, 1753
What are the prime factors of 198149360?
2, 5, 2476867
List the prime factors of 643824369.
3, 98129
What are the prime factors of 7273147364?
2, 7, 61, 1217, 3499
What are the prime factors of 10344890?
2, 5, 1034489
List the prime factors of 612049294.
2, 101, 3029947
What are the prime factors of 170115212?
2, 103, 412901
List the prime factors of 131481520.
2, 5, 19, 86501
What are the prime factors of 51726718?
2, 397, 65147
What are the prime factors of 3750354143?
47, 79794769
What are the prime factors of 3103970880?
2, 3, 5, 3233303
What are the prime factors of 24639065?
5, 11, 447983
What are the prime factors of 818251699?
6949, 117751
List the prime factors of 109415252.
2, 103, 265571
What are the prime factors of 423137562?
2, 3, 19, 67, 55399
What are the prime factors of 699452714?
2, 2459, 142223
List the prime factors of 13685945.
5, 7, 13, 4297
What are the prime factors of 881471647?
7, 563, 223667
List the prime factors of 62072406.
2, 3, 11, 17, 683
List the prime factors of 55027598.
2, 131, 139, 1511
What are the prime factors of 103620037?
23, 727, 6197
List the prime factors of 277682415.
3, 5, 18512161
List the prime factors of 155557540.
2, 5, 487, 15971
List the prime factors of 6421915.
5, 1284383
What are the prime factors of 603672264?
2, 3, 13, 23887
What are the prime factors of 815554745?
5, 1667, 97847
List the prime factors of 14849597.
7, 303053
What are the prime factors of 671624805?
3, 5, 157, 285191
List the prime factors of 1215538561.
3259, 372979
List the prime factors of 2735128942.
2, 7, 13, 41, 52363
List the prime factors of 42869785.
5, 7, 1224851
List the prime factors of 33810409.
61, 554269
List the prime factors of 33838230.
2, 3, 5, 863, 1307
List the prime factors of 138678062.
2, 211, 328621
What are the prime factors of 75378066?
2, 3, 61, 205951
List the prime factors of 82208704.
2, 1284511
What are the prime factors of 503735722?
2, 7, 139, 379, 683
List the prime factors of 1765029542.
2, 882514771
What are the prime factors of 530146053?
3, 2181671
What are the prime factors of 1520332671?
3, 11, 13, 19, 383, 487
List the prime factors of 1051587910.
2, 5, 105158791
What are the prime factors of 39316137?
3, 7, 97, 19301
What are the prime factors of 1123170357?
3, 167, 449, 4993
What are the prime factors of 6449363442?
2, 3, 31, 83, 131, 1063
What are the prime factors of 1087096662?
2, 3, 60394259
List the prime factors of 43988398.
2, 43, 617, 829
What are the prime factors of 350656773?
3, 17, 6875623
List the prime factors of 1768490447.
23, 109, 705421
What are the prime factors of 107637364?
2, 3631, 7411
What are the prime factors of 796477278?
2, 3, 132746213
List the prime factors of 48711784.
2, 11, 553543
List the prime factors of 809038270.
2, 5, 157, 515311
What are the prime factors of 971687922?
2, 3, 127, 197, 6473
What are the prime factors of 2165288099?
13, 167, 997369
List the prime factors of 19933328.
2, 1245833
List the prime factors of 4230614677.
1789, 2364793
List the prime factors of 20880390.
2, 3, 5, 71, 9803
List the prime factors of 124696662.
2, 3, 23, 41, 22039
List the prime factors of 516113173.
83, 6218231
What are the prime factors of 766556837?
766556837
What are the prime factors of 3145206329?
17, 2267, 81611
What are the prime factors of 1726957955?
5, 439, 887
What are the prime factors of 279896328?
2, 3, 3887449
What are the prime factors of 622580991?
3, 13759, 15083
List the prime factors of 291977934.
2, 3, 2903, 16763
What are th